 and 1687000.
1000
What is the greatest common divisor of 364412 and 27353?
17
Calculate the highest common factor of 1280228 and 132.
4
What is the highest common divisor of 1264332 and 30?
6
What is the highest common divisor of 4232 and 503021868?
2116
Calculate the greatest common divisor of 8709 and 21903.
3
Calculate the greatest common factor of 55554656 and 5592.
1864
What is the greatest common factor of 52752 and 98125?
157
What is the highest common factor of 25 and 35443175?
25
Calculate the greatest common divisor of 4942 and 806568.
14
What is the greatest common divisor of 12108 and 32388?
12
Calculate the greatest common divisor of 108896 and 120184.
664
What is the greatest common divisor of 2282 and 66514?
14
Calculate the highest common divisor of 1405 and 2529.
281
What is the highest common factor of 13445655 and 2037?
291
Calculate the highest common divisor of 1901979 and 2128455.
2097
Calculate the greatest common factor of 161792376 and 7756.
1108
What is the highest common divisor of 3149260 and 212?
212
What is the highest common factor of 4617 and 12807387?
171
What is the greatest common factor of 485 and 18545915?
485
Calculate the greatest common factor of 15983916 and 156.
156
Calculate the highest common divisor of 73764 and 37962.
54
What is the highest common factor of 2568 and 1286759316?
1284
Calculate the highest common divisor of 52459968 and 672.
96
What is the greatest common factor of 216 and 22604292?
108
What is the highest common factor of 312747 and 22471641?
5127
What is the greatest common divisor of 35 and 67020275?
35
What is the highest common divisor of 940 and 357010?
10
Calculate the highest common factor of 499850 and 757465.
3845
What is the greatest common factor of 300 and 732724?
4
What is the greatest common divisor of 980574619 and 4271?
4271
What is the highest common factor of 732 and 44881604?
244
Calculate the highest common factor of 16 and 93734416.
16
What is the highest common factor of 2488722 and 522?
174
Calculate the highest common factor of 5515 and 261662484.
1103
Calculate the highest common divisor of 10607128 and 588.
196
Calculate the greatest common divisor of 199105613 and 763.
763
What is the greatest common factor of 190451 and 1066921?
659
Calculate the greatest common factor of 16 and 10070384.
16
Calculate the greatest common factor of 164728 and 27376.
472
Calculate the highest common factor of 49 and 1989421.
7
What is the greatest common divisor of 211607710 and 10?
10
What is the highest common factor of 11232 and 1902069?
351
Calculate the greatest common factor of 2056 and 192290484.
1028
Calculate the highest common divisor of 988 and 447044.
52
Calculate the greatest common factor of 160 and 492508.
4
Calculate the highest common factor of 445431 and 5817.
21
What is the highest common factor of 2287351 and 1045?
11
Calculate the greatest common divisor of 40662 and 3414102.
1506
Calculate the highest common divisor of 69368 and 80678.
754
What is the highest common factor of 39620 and 23095630?
2830
Calculate the greatest common factor of 1542497 and 26422.
11
What is the highest common factor of 78 and 1079779818?
78
What is the highest common divisor of 4328829 and 216?
27
Calculate the greatest common factor of 43388 and 1468.
4
What is the greatest common factor of 1188 and 9083668?
44
What is the highest common factor of 145170112 and 1472?
1472
Calculate the greatest common divisor of 225 and 330090.
15
Calculate the greatest common factor of 5846048 and 2912.
416
What is the highest common factor of 162294 and 9328?
22
What is the greatest common factor of 65486 and 896254?
274
What is the greatest common divisor of 695533 and 4351?
19
Calculate the highest common divisor of 3534608 and 6083.
77
What is the greatest common factor of 270 and 172660599?
27
What is the highest common factor of 1772 and 468784372?
1772
What is the highest common factor of 10294200 and 84?
84
Calculate the greatest common factor of 11158512 and 96.
48
What is the greatest common factor of 16432 and 11739?
13
What is the highest common divisor of 17279167 and 2357?
2357
What is the highest common factor of 255866565 and 30?
15
What is the greatest common divisor of 9200 and 54912592?
368
What is the greatest common factor of 5383112 and 3395?
679
Calculate the highest common divisor of 3195 and 80966115.
45
What is the highest common divisor of 1311040 and 39042?
482
Calculate the highest common factor of 3534 and 6634.
62
Calculate the greatest common divisor of 5602504 and 1681408.
6568
Calculate the greatest common divisor of 20111 and 112489.
221
Calculate the highest common factor of 71598 and 31971.
3
Calculate the greatest common factor of 513125 and 8400.
25
What is the greatest common divisor of 176 and 512788364?
44
What is the greatest common divisor of 1143701 and 2?
1
Calculate the greatest common factor of 496 and 3744056.
248
Calculate the highest common divisor of 4 and 14599174.
2
What is the highest common divisor of 5499 and 13024593?
423
Calculate the greatest common divisor of 14632112 and 352.
176
What is the highest common divisor of 35774 and 4388662?
1154
What is the highest common divisor of 602592 and 216?
24
Calculate the greatest common factor of 5405465 and 1352.
169
Calculate the highest common divisor of 14316 and 47532.
12
Calculate the greatest common divisor of 4454 and 667500937.
2227
Calculate the highest common divisor of 13302960 and 1848.
264
Calculate the highest common factor of 26645205 and 60.
15
Calculate the greatest common divisor of 183 and 24605997.
183
Calculate the greatest common divisor of 834684 and 324.
12
What is the highest common factor of 531 and 8966277?
9
Calculate the greatest common factor of 4691100 and 171.
57
Calculate the highest common factor of 125743653 and 2443.
2443
What is the greatest common factor of 100192810 and 4?
2
Calculate the greatest common factor of 1128739 and 6538.
467
Calculate the highest common divisor of 9706308 and 206.
206
Calculate the greatest common divisor of 4324 and 346582653.
1081
Calculate the highest common factor of 2391108 and 2610.
174
What is the highest common factor of 4902 and 1755372?
114
Calculate the greatest common divisor of 407362 and 86838.
706
Calculate the greatest common divisor of 1197780 and 4.
4
Calculate the highest common divisor of 896 and 28504672.
224
What is the greatest common factor of 1764019 and 1114?
557
What is the highest common factor of 1025 and 59389100?
25
Calculate the highest common divisor of 2556148 and 8.
4
What is the greatest common factor of 62505 and 13365?
135
What is the highest common factor of 76870067 and 779?
19
What is the highest common factor of 1284579408 and 2121?
2121
Calculate the highest common factor of 11472 and 630313744.
3824
What is the greatest common factor of 557096 and 39176?
664
Calculate the greatest common factor of 1829932 and 5746.
338
What is the greatest common divisor of 3750 and 25860?
30
Calculate the highest common divisor of 122175845 and 275.
55
Calculate the greatest common factor of 1480879 and 43723.
1901
What is the greatest common divisor of 77824 and 39368?
152
Calculate the highest common factor of 11360120 and 640.
40
Calculate the highest common divisor of 1892 and 97394.
22
What is the greatest common factor of 803640 and 3840?
120
Calculate the highest common factor of 209180820 and 60.
60
Calculate the greatest common divisor of 9053 and 91318434.
823
Calculate the highest common factor of 127311640 and 3910.
170
Calculate the highest common divisor of 190 and 17370750.
190
What is the highest common divisor of 1825 and 261275?
25
What is the highest common divisor of 523698 and 3753687?
777
Calculate the highest common divisor of 1126496 and 28676.
428
Calculate the greatest common divisor of 2156 and 813743.
49
Calculate the highest common divisor of 2639598 and 787.
787
What is the highest common factor of 16801230 and 5490?
1830
What is the highest common factor of 268520 and 23590?
70
What is the greatest common factor of 1 and 13353683?
1
What is the highest common divisor of 133522 and 6385921?
661
Calculate the greatest common divisor of 23680092 and 35392.
316
